58 a multiple of 32?
False
Does 13 divide 897?
True
Is 12 a factor of 5922?
False
Is 16812 a multiple of 18?
True
Is 746 a multiple of 22?
False
Does 33 divide 9947?
False
Does 13 divide 4173?
True
Is 18 a factor of 1360?
False
Is 7 a factor of 9015?
False
Does 16 divide 7040?
True
Is 7 a factor of 1302?
True
Is 15 a factor of 21124?
False
Does 19 divide 450?
False
Does 15 divide 934?
False
Is 59 a factor of 177?
True
Is 5386 a multiple of 29?
False
Does 32 divide 13981?
False
Is 66 a factor of 5483?
False
Is 30310 a multiple of 70?
True
Is 6660 a multiple of 111?
True
Does 86 divide 11868?
True
Does 30 divide 2055?
False
Is 20 a factor of 1120?
True
Does 17 divide 136?
True
Does 3 divide 390?
True
Is 243 a multiple of 4?
False
Is 22 a factor of 1386?
True
Does 9 divide 2051?
False
Does 32 divide 288?
True
Does 49 divide 2842?
True
Is 5 a factor of 265?
True
Does 337 divide 45957?
False
Is 9249 a multiple of 61?
False
Is 120 a factor of 3437?
False
Is 658 a multiple of 9?
False
Is 11 a factor of 598?
False
Is 15 a factor of 5370?
True
Does 23 divide 7935?
True
Is 421 a multiple of 24?
False
Is 27 a factor of 5778?
True
Does 5 divide 27021?
False
Is 20 a factor of 30040?
True
Is 48 a multiple of 48?
True
Is 36 a factor of 16927?
False
Does 11 divide 869?
True
Is 134 a factor of 11256?
True
Does 22 divide 58867?
False
Is 104 a multiple of 4?
True
Is 755 even?
False
Is 1665 a multiple of 17?
False
Is 720 a multiple of 60?
True
Is 16 a factor of 12233?
False
Is 9 a factor of 309?
False
Is 53244 a multiple of 116?
True
Is 165 a factor of 18315?
True
Is 182 a multiple of 24?
False
Is 12 a factor of 308?
False
Does 41 divide 1231?
False
Is 90 a factor of 11924?
False
Does 39 divide 468?
True
Does 26 divide 876?
False
Is 36 a factor of 3727?
False
Does 32 divide 768?
True
Is 5 a factor of 64?
False
Does 6 divide 535?
False
Is 3 a factor of 408?
True
Is 12 a factor of 4428?
True
Does 11 divide 585?
False
Is 37 a factor of 42032?
True
Is 13 a factor of 18356?
True
Is 1661 a multiple of 15?
False
Does 55 divide 605?
True
Does 29 divide 25160?
False
Is 74 a factor of 4096?
False
Does 49 divide 1077?
False
Is 863 a multiple of 14?
False
Is 40 a factor of 360?
True
Is 2 a factor of 3430?
True
Is 4935 a multiple of 28?
False
Is 24 a factor of 648?
True
Is 4498 a multiple of 13?
True
Is 13904 a multiple of 16?
True
Does 37 divide 111?
True
Is 120 a factor of 21838?
False
Does 3 divide 114?
True
Is 491 even?
False
Does 27 divide 599?
False
Is 14836 a multiple of 16?
False
Is 7 a factor of 238?
True
Does 35 divide 1925?
True
Is 20 a factor of 4600?
True
Does 103 divide 2851?
False
Is 4452 a multiple of 4?
True
Is 27 a factor of 10153?
False
Does 173 divide 7266?
True
Does 3 divide 545?
False
Is 20 a factor of 408?
False
Is 10 a factor of 1327?
False
Is 30694 a multiple of 251?
False
Is 1518 a multiple of 22?
True
Is 34 a factor of 2856?
True
Is 2550 a multiple of 15?
True
Is 281 a factor of 33891?
False
Is 9959 a multiple of 23?
True
Is 4237 a multiple of 8?
False
Is 2030 a multiple of 14?
True
Is 2360 a multiple of 18?
False
Is 369 a multiple of 10?
False
Does 15 divide 9756?
False
Is 27025 a multiple of 115?
True
Is 22980 a multiple of 256?
False
Is 90 a multiple of 18?
True
Is 34997 a multiple of 152?
False
Is 1218 a multiple of 21?
True
Does 31 divide 10199?
True
Does 11 divide 711?
False
Is 92 a multiple of 46?
True
Is 28 a factor of 1596?
True
Is 37278 a multiple of 176?
False
Is 22 a factor of 59071?
False
Is 12 a factor of 248?
False
Is 1175 a multiple of 25?
True
Is 252 a multiple of 2?
True
Is 8 a factor of 33289?
False
Is 23 a factor of 21430?
False
Is 112810 a multiple of 11?
False
Is 93 a factor of 837?
True
Does 14 divide 4689?
False
Is 41 a factor of 441?
False
Is 43687 a multiple of 7?
True
Does 50 divide 750?
True
Is 25 a factor of 113?
False
Is 480 a multiple of 32?
True
Is 15592 a multiple of 24?
False
Is 15820 a multiple of 28?
True
Is 2 a factor of 44?
True
Is 24 a factor of 528?
True
Is 19 a factor of 2109?
True
Does 27 divide 78192?
True
Is 5 a factor of 498?
False
Is 10149 a multiple of 46?
False
Is 26 a factor of 54210?
True
Does 78 divide 303?
False
Is 12432 a multiple of 12?
True
Does 14 divide 24?
False
Does 161 divide 64078?
True
Is 28968 a multiple of 71?
True
Is 56268 a multiple of 23?
False
Does 29 divide 87?
True
Is 28 a factor of 1860?
False
Does 2 divide 331?
False
Is 9 a factor of 1139?
False
Is 6150 a multiple of 17?
False
Is 11592 a multiple of 9?
True
Is 638 a multiple of 58?
True
Is 6854 a multiple of 149?
True
Is 14 a factor of 826?
True
Does 91 divide 8097?
False
Is 39 a factor of 35778?
False
Is 18104 a multiple of 31?
True
Is 18 a factor of 370?
False
Does 14 divide 51350?
False
Is 4177 a multiple of 51?
False
Is 58 a factor of 4928?
False
Is 25406 a multiple of 4?
False
Is 21 a factor of 987?
True
Is 390 a multiple of 13?
True
Is 24156 a multiple of 13?
False
Does 12 divide 1263?
False
Is 7 a factor of 29?
False
Does 16 divide 880?
True
Is 159 a factor of 2539?
False
Does 24 divide 1080?
True
Is 35 a factor of 1192?
False
Is 40 a factor of 56483?
False
Does 15 divide 23241?
False
Does 19 divide 1847?
False
Does 133 divide 665?
True
Is 269 a multiple of 22?
False
Does 22 divide 12628?
True
Is 24 a multiple of 5?
False
Does 30 divide 9450?
True
Is 1215 a multiple of 3?
True
Is 15 a factor of 165?
True
Is 42642 a multiple of 6?
True
Is 28835 a multiple of 73?
True
Is 18 a factor of 2304?
True
Is 268 a multiple of 18?
False
Does 21 divide 448?
False
Does 27 divide 3237?
False
Is 12 a factor of 1416?
True
Is 4560 a multiple of 4?
True
Is 6024 a multiple of 4?
True
Is 16770 a multiple of 43?
True
Does 4 divide 538?
False
Is 3696 a multiple of 16?
True
Is 660 a multiple of 22?
True
Is 5 a factor of 24059?
False
Is 37 a factor of 35668?
True
Is 85656 a multiple of 344?
True
Is 197 a factor of 26004?
True
Is 13 a factor of 260?
True
Is 469 a multiple of 11?
False
Is 50752 a multiple of 64?
True
Is 103 a factor of 1133?
True
Does 43 divide 12196?
False
Does 49 divide 1176?
True
Is 3562 a multiple of 4?
False
Is 224 a multiple of 4?
True
Is 25 a factor of 3350?
True
Does 111 divide 39516?
True
Does 20 divide 1297?
False
Is 240 a multiple of 4?
True
Does 11 divide 1909?
False
Does 37 divide 638?
False
Does 99 divide 14681?
False
Is 2408 a multiple of 52?
False
Is 6672 a multiple of 12?
True
Is 6336 a multiple of 22?
True
Is 12 a factor of 33216?
True
Is 9 a factor of 18027?
True
Does 4 divide 224?
True
Is 134 a factor of 925?
False
Is 22380 a multiple of 60?
True
Is 352 a multiple of 8?
True
Does 49 divide 784?
True
Is 162 a multiple of 9?
True
Is 22 a factor of 286?
True
Does 8 divide 2225?
False
Does 25 divide 625?
True
Is 81 a factor of 174?
False
Is 903 a multiple of 21?
True
Is 46 a factor of 4266?
False
Is 7051 even?
False
Does 4 divide 85?
False
Is 1254 a multiple of 33?
True
Is 10323 a multiple of 37?
True
Is 46 a factor of 2090?
False
Is 15 a factor of 165?
True
Does 14 divide 954?
False
Is 307 a multiple of 25?
False
Is 10220 a multiple of 14?
True
Is 71 a factor of 2325?
False
Does 27 divide 3240?
True
Is 4 a factor of 2863?
False
Does 64 divide 1408?
True
Is 20 a factor of 740?
True
Does 6 divide 1259?
False
Does 16 divide 192?
True
Does 113 divide 1469?
True
Is 966 a multiple of 23?
True
Does 32 divide 7488?
True
Does 235 divide 45120?
True
Is 14 a factor of 404?
False
Does 18 divide 170?
False
Is 83 a factor of 8549?
True
Is 5616 a multiple of 117?
True
Does 34 divide 1462?
True
Is 34 a factor of 45118?
True
Is 2018 a multiple of 67?
False
Is 38 a factor of 2090?
True
Is 2375 a multiple of 125?
True
Is 14 a factor of 1470?
True
Is 43 a factor of 639?
False
Is 8 a factor of 8886?
False
Is 20 a factor of 320?
True
Does 30 divide 69060?
True
Is 14532 a multiple of 14?
True
Is 936 a multiple of 24?
True
Does 17 divide 12869?
True
Is 4 a factor of 172?
True
Does 26 divide 9479?
False
Is 978 a multiple of 11?
False
Is 54375 a multiple of 29?
True
Does 139 divide 21406?
True
Does 3 divide 62?
False
Is 177 a factor of 27966?
True
Is 60 a factor of 3240?
True
Is 115436 a multiple of 33?
False
Is 187 a multiple of 14?
False
Is 10 a factor of 150?
True
Does 14 divide 2921?
False
Is 7 a factor of 559?
False
Is 339 a multi